{"id":774,"date":"2020-09-15T15:13:33","date_gmt":"2020-09-15T15:13:33","guid":{"rendered":"https:\/\/sciengementlab.com\/?page_id=774"},"modified":"2020-12-20T16:05:04","modified_gmt":"2020-12-20T16:05:04","slug":"consulting","status":"publish","type":"page","link":"https:\/\/sciengementlab.com\/index.php\/consulting\/","title":{"rendered":"Consulting"},"content":{"rendered":"\n<p>Motivado por transmitir el conocimiento adquirido a trav\u00e9s del asesoramiento, la consultor\u00eda y la ense\u00f1anza. Desde la asesor\u00eda e interim management en gesti\u00f3n de proyectos cient\u00edficos, capacidad directiva, liderazgo e innovaci\u00f3n, a la divulgaci\u00f3n e impartici\u00f3n de cursos acad\u00e9micos.\u00a0<strong>Si tienes alguna consulta que hacer sobre alguna de las \u00e1reas indicadas abajo, h\u00e1zmelo saber a trav\u00e9s de la p\u00e1gina <a href=\"https:\/\/sciengementlab.com\/index.php\/contact\/\">CONTACTO<\/a>. Me encantar\u00eda poder ayudarte.<\/strong><\/p>\n\n\n\n<figure class=\"wp-block-image size-large\"><img loading=\"lazy\" width=\"647\" height=\"492\" src=\"https:\/\/sciengementlab.com\/wp-content\/uploads\/2020\/09\/Consulting.png\" alt=\"\" class=\"wp-image-775\" srcset=\"https:\/\/sciengementlab.com\/wp-content\/uploads\/2020\/09\/Consulting.png 647w, https:\/\/sciengementlab.com\/wp-content\/uploads\/2020\/09\/Consulting-300x228.png 300w, https:\/\/sciengementlab.com\/wp-content\/uploads\/2020\/09\/Consulting-100x76.png 100w, https:\/\/sciengementlab.com\/wp-content\/uploads\/2020\/09\/Consulting-150x114.png 150w, https:\/\/sciengementlab.com\/wp-content\/uploads\/2020\/09\/Consulting-200x152.png 200w, https:\/\/sciengementlab.com\/wp-content\/uploads\/2020\/09\/Consulting-450x342.png 450w, https:\/\/sciengementlab.com\/wp-content\/uploads\/2020\/09\/Consulting-600x456.png 600w\" sizes=\"(max-width: 647px) 100vw, 647px\" \/><\/figure>\n\n\n\n<div class=\"wp-block-image\"><figure class=\"aligncenter size-large is-resized\"><img loading=\"lazy\" src=\"https:\/\/sciengementlab.com\/wp-content\/uploads\/2020\/09\/innovatingtogether_normal.png\" alt=\"\" class=\"wp-image-783\" width=\"368\" height=\"478\" srcset=\"https:\/\/sciengementlab.com\/wp-content\/uploads\/2020\/09\/innovatingtogether_normal.png 462w, https:\/\/sciengementlab.com\/wp-content\/uploads\/2020\/09\/innovatingtogether_normal-231x300.png 231w, https:\/\/sciengementlab.com\/wp-content\/uploads\/2020\/09\/innovatingtogether_normal-100x130.png 100w, https:\/\/sciengementlab.com\/wp-content\/uploads\/2020\/09\/innovatingtogether_normal-150x195.png 150w, https:\/\/sciengementlab.com\/wp-content\/uploads\/2020\/09\/innovatingtogether_normal-200x260.png 200w, https:\/\/sciengementlab.com\/wp-content\/uploads\/2020\/09\/innovatingtogether_normal-300x390.png 300w, https:\/\/sciengementlab.com\/wp-content\/uploads\/2020\/09\/innovatingtogether_normal-450x584.png 450w\" sizes=\"(max-width: 368px) 100vw, 368px\" \/><\/figure><\/div>\n<div class=\"likebtn_container\" style=\"\"><!-- LikeBtn.com BEGIN --><span class=\"likebtn-wrapper\"  data-identifier=\"page_774\"  data-site_id=\"5f5dea62943ec93c4ca12a8a\"  data-dislike_enabled=\"false\"  data-icon_dislike_show=\"false\"  data-style=\"\"  data-unlike_allowed=\"\"  data-show_copyright=\"\"  data-item_url=\"https:\/\/sciengementlab.com\/index.php\/consulting\/\"  data-item_title=\"Consulting\"  data-item_date=\"2020-09-15T15:13:33+00:00\"  data-engine=\"WordPress\"  data-plugin_v=\"2.6.29\"  data-prx=\"https:\/\/sciengementlab.com\/wp-admin\/admin-ajax.php?action=likebtn_prx\"  data-event_handler=\"likebtn_eh\" ><\/span><!-- LikeBtn.com END --><\/div>","protected":false},"excerpt":{"rendered":"<p>Motivado por transmitir el conocimiento adquirido a trav\u00e9s del asesoramiento, la consultor\u00eda y la ense\u00f1anza. Desde la asesor\u00eda e interim management en gesti\u00f3n de proyectos cient\u00edficos, capacidad directiva, liderazgo e innovaci\u00f3n, a la divulgaci\u00f3n e impartici\u00f3n de cursos acad\u00e9micos.\u00a0Si tienes &hellip;<\/p>\n<p class=\"read-more\"> <a class=\"more-link\" href=\"https:\/\/sciengementlab.com\/index.php\/consulting\/\"> <span class=\"screen-reader-text\">Consulting<\/span> Leer m\u00e1s \u00bb<\/a><\/p>\n<div class=\"likebtn_container\" style=\"\"><!-- LikeBtn.com BEGIN --><span class=\"likebtn-wrapper\"  data-identifier=\"page_774\"  data-site_id=\"5f5dea62943ec93c4ca12a8a\"  data-dislike_enabled=\"false\"  data-icon_dislike_show=\"false\"  data-style=\"\"  data-unlike_allowed=\"\"  data-show_copyright=\"\"  data-item_url=\"https:\/\/sciengementlab.com\/index.php\/consulting\/\"  data-item_title=\"Consulting\"  data-item_date=\"2020-09-15T15:13:33+00:00\"  data-engine=\"WordPress\"  data-plugin_v=\"2.6.29\"  data-prx=\"https:\/\/sciengementlab.com\/wp-admin\/admin-ajax.php?action=likebtn_prx\"  data-event_handler=\"likebtn_eh\" ><\/span><!-- LikeBtn.com END --><\/div><a class=\"excerpt-more\" href=\"https:\/\/sciengementlab.com\/index.php\/consulting\/\">Read More<i class=\"fa fa-chevron-circle-right\" aria-hidden=\"true\"><\/i><\/a>","protected":false},"author":1,"featured_media":0,"parent":0,"menu_order":4,"comment_status":"closed","ping_status":"closed","template":"","meta":{"_monsterinsights_skip_tracking":false,"_monsterinsights_sitenote_active":false,"_monsterinsights_sitenote_note":"","_monsterinsights_sitenote_category":0},"yoast_head":"<!-- This site is optimized with the Yoast SEO plugin v14.9 - https:\/\/yoast.com\/wordpress\/plugins\/seo\/ -->\n<title>Consulting - Sciengement Lab<\/title>\n<meta name=\"robots\" content=\"index, follow, max-snippet:-1, max-image-preview:large, max-video-preview:-1\" \/>\n<link rel=\"canonical\" href=\"https:\/\/sciengementlab.com\/index.php\/consulting\/\" \/>\n<meta property=\"og:locale\" content=\"es_ES\" \/>\n<meta property=\"og:type\" content=\"article\" \/>\n<meta property=\"og:title\" content=\"Consulting - Sciengement Lab\" \/>\n<meta property=\"og:description\" content=\"Motivado por transmitir el conocimiento adquirido a trav\u00e9s del asesoramiento, la consultor\u00eda y la ense\u00f1anza. Desde la asesor\u00eda e interim management en gesti\u00f3n de proyectos cient\u00edficos, capacidad directiva, liderazgo e innovaci\u00f3n, a la divulgaci\u00f3n e impartici\u00f3n de cursos acad\u00e9micos.\u00a0Si tienes &hellip; Consulting Leer m\u00e1s \u00bb\" \/>\n<meta property=\"og:url\" content=\"https:\/\/sciengementlab.com\/index.php\/consulting\/\" \/>\n<meta property=\"og:site_name\" content=\"Sciengement Lab\" \/>\n<meta property=\"article:modified_time\" content=\"2020-12-20T16:05:04+00:00\" \/>\n<meta property=\"og:image\" content=\"https:\/\/sciengementlab.com\/wp-content\/uploads\/2020\/09\/Consulting.png\" \/>\n<meta name=\"twitter:card\" content=\"summary_large_image\" \/>\n<script type=\"application\/ld+json\" class=\"yoast-schema-graph\">{\"@context\":\"https:\/\/schema.org\",\"@graph\":[{\"@type\":\"Organization\",\"@id\":\"https:\/\/sciengementlab.com\/#organization\",\"name\":\"Julio Martin\",\"url\":\"https:\/\/sciengementlab.com\/\",\"sameAs\":[],\"logo\":{\"@type\":\"ImageObject\",\"@id\":\"https:\/\/sciengementlab.com\/#logo\",\"inLanguage\":\"es\",\"url\":\"https:\/\/sciengementlab.com\/wp-content\/uploads\/2020\/09\/Sciengement-LOGO-Bloques-Manos-Brain-WHITE.png\",\"width\":431,\"height\":440,\"caption\":\"Julio Martin\"},\"image\":{\"@id\":\"https:\/\/sciengementlab.com\/#logo\"}},{\"@type\":\"WebSite\",\"@id\":\"https:\/\/sciengementlab.com\/#website\",\"url\":\"https:\/\/sciengementlab.com\/\",\"name\":\"Sciengement Lab\",\"description\":\"Think Science in Management\",\"publisher\":{\"@id\":\"https:\/\/sciengementlab.com\/#organization\"},\"potentialAction\":[{\"@type\":\"SearchAction\",\"target\":\"https:\/\/sciengementlab.com\/?s={search_term_string}\",\"query-input\":\"required name=search_term_string\"}],\"inLanguage\":\"es\"},{\"@type\":\"ImageObject\",\"@id\":\"https:\/\/sciengementlab.com\/index.php\/consulting\/#primaryimage\",\"inLanguage\":\"es\",\"url\":\"https:\/\/sciengementlab.com\/wp-content\/uploads\/2020\/09\/Consulting.png\",\"width\":647,\"height\":492},{\"@type\":\"WebPage\",\"@id\":\"https:\/\/sciengementlab.com\/index.php\/consulting\/#webpage\",\"url\":\"https:\/\/sciengementlab.com\/index.php\/consulting\/\",\"name\":\"Consulting - Sciengement Lab\",\"isPartOf\":{\"@id\":\"https:\/\/sciengementlab.com\/#website\"},\"primaryImageOfPage\":{\"@id\":\"https:\/\/sciengementlab.com\/index.php\/consulting\/#primaryimage\"},\"datePublished\":\"2020-09-15T15:13:33+00:00\",\"dateModified\":\"2020-12-20T16:05:04+00:00\",\"breadcrumb\":{\"@id\":\"https:\/\/sciengementlab.com\/index.php\/consulting\/#breadcrumb\"},\"inLanguage\":\"es\",\"potentialAction\":[{\"@type\":\"ReadAction\",\"target\":[\"https:\/\/sciengementlab.com\/index.php\/consulting\/\"]}]},{\"@type\":\"BreadcrumbList\",\"@id\":\"https:\/\/sciengementlab.com\/index.php\/consulting\/#breadcrumb\",\"itemListElement\":[{\"@type\":\"ListItem\",\"position\":1,\"item\":{\"@type\":\"WebPage\",\"@id\":\"https:\/\/sciengementlab.com\/\",\"url\":\"https:\/\/sciengementlab.com\/\",\"name\":\"Portada\"}},{\"@type\":\"ListItem\",\"position\":2,\"item\":{\"@type\":\"WebPage\",\"@id\":\"https:\/\/sciengementlab.com\/index.php\/consulting\/\",\"url\":\"https:\/\/sciengementlab.com\/index.php\/consulting\/\",\"name\":\"Consulting\"}}]}]}<\/script>\n<!-- \/ Yoast SEO plugin. -->","_links":{"self":[{"href":"https:\/\/sciengementlab.com\/index.php\/wp-json\/wp\/v2\/pages\/774"}],"collection":[{"href":"https:\/\/sciengementlab.com\/index.php\/wp-json\/wp\/v2\/pages"}],"about":[{"href":"https:\/\/sciengementlab.com\/index.php\/wp-json\/wp\/v2\/types\/page"}],"author":[{"embeddable":true,"href":"https:\/\/sciengementlab.com\/index.php\/wp-json\/wp\/v2\/users\/1"}],"replies":[{"embeddable":true,"href":"https:\/\/sciengementlab.com\/index.php\/wp-json\/wp\/v2\/comments?post=774"}],"version-history":[{"count":11,"href":"https:\/\/sciengementlab.com\/index.php\/wp-json\/wp\/v2\/pages\/774\/revisions"}],"predecessor-version":[{"id":1317,"href":"https:\/\/sciengementlab.com\/index.php\/wp-json\/wp\/v2\/pages\/774\/revisions\/1317"}],"wp:attachment":[{"href":"https:\/\/sciengementlab.com\/index.php\/wp-json\/wp\/v2\/media?parent=774"}],"curies":[{"name":"wp","href":"https:\/\/api.w.org\/{rel}","templated":true}]}}